{"id":235,"date":"2019-02-03T17:07:12","date_gmt":"2019-02-03T17:07:12","guid":{"rendered":"https:\/\/igreja.digital\/suporte\/?page_id=235"},"modified":"2022-07-01T16:15:40","modified_gmt":"2022-07-01T19:15:40","slug":"perguntas-frequentes","status":"publish","type":"page","link":"https:\/\/igreja.digital\/suporte\/perguntas-frequentes\/","title":{"rendered":"Perguntas frequentes"},"content":{"rendered":"\n<p>Listamos as perguntas mais comuns feitas pelos usu\u00e1rios da <strong>Igreja Digital<\/strong>.<\/p>\n\n\n\n<div class=\"wp-block-button aligncenter is-style-default\"><a class=\"wp-block-button__link has-background\" href=\"https:\/\/igreja.digital\/suporte\/faca-sua-pergunta\/\" style=\"background-color:#2166a5\">Se precisar, fa\u00e7a sua pergunta<\/a><\/div>\n\n\n\n<p style=\"margin-top: 15px; color: #ff8080;\">Importante! Fa\u00e7a somente perguntas gerais sobre as fun\u00e7\u00f5es do sistema, que possam ser adaptadas em tutoriais. Se voc\u00ea tiver uma d\u00favida espec\u00edfica, converse com a gente pelo zap: <strong><a href=\"https:\/\/wa.me\/5511940527253\">+55 11 94052-7253<\/a><\/strong>.<\/p>\n\n\n\n<hr>\n<h4>H\u00e1 prazo m\u00ednimo para a assinatura dos planos pagos?<\/h4>\n<p>N\u00e3o. A <strong>Igreja Digital<\/strong> n\u00e3o exige fideliza\u00e7\u00e3o de seus clientes. Os planos podem ser contratados pelo tempo que for necess\u00e1rio. Para informa\u00e7\u00f5es mais detalhadas, leia nossos <a href=\"https:\/\/igreja.digital\/termos-de-uso\/\" target=\"_blank\">Termos de Uso<\/a>.<\/p>\n<hr>\n\n\n\n<h4>O plano gratuito pode ser usado por quanto tempo?<\/h4>\n<p>Por tempo indeterminado. No entanto, mantenha a data de validade de seu acesso ao sistema sempre atualizada.<\/p>\n<hr>\n\n\n\n<h4>Os dados da minha igreja est\u00e3o seguros no sistema?<\/h4>\n<p>A <strong>Igreja Digital<\/strong> se preocupa constantemente com a seguran\u00e7a e a privacidade dos dados dos seus usu\u00e1rios, principalmente com rela\u00e7\u00e3o ao armazenamento de informa\u00e7\u00f5es pessoais. Portanto, todos os dados s\u00e3o protegidos por processos avan\u00e7ados de criptografia enquanto s\u00e3o encaminhados e mantidos em sigilo em servidores de seguran\u00e7a. <em>Em hip\u00f3tese alguma, essas informa\u00e7\u00f5es ser\u00e3o compartilhadas com terceiros.<\/em><\/p>\n<hr>\n\n\n\n<h4>O sistema pode ser instalado em um computador para uso local (off-line)?<\/h4>\n<p>N\u00e3o. O sistema \u00e9 online, portanto s\u00f3 pode ser usado em navegadores conectados \u00e0 internet.<\/p>\n<hr>\n\n\n\n<h4>Por que o login de acesso tem dois links: Igrejas e C\u00e9lulas?<\/h4>\n<p><strong>Esses logins promovem acessos diferentes.<\/strong> O login <strong>Igrejas<\/strong> deve ser usado somente por usu\u00e1rios do sistema. J\u00e1 o login <strong>C\u00e9lulas<\/strong> deve ser usado somente por coordenadores, supervisores e l\u00edderes de c\u00e9lula. Desta forma, os dados de um usu\u00e1rio do sistema (<em>e-mail e senha<\/em>) n\u00e3o concedem acesso ao login <strong>C\u00e9lulas<\/strong> e vice-e-versa.<\/p>\n<hr>\n\n\n\n<p><\/p>\n","protected":false},"excerpt":{"rendered":"<p>Listamos as perguntas mais comuns feitas pelos usu\u00e1rios da Igreja Digital. Importante! Fa\u00e7a somente perguntas gerais sobre as fun\u00e7\u00f5es do sistema, que possam ser adaptadas em tutoriais. Se voc\u00ea tiver uma d\u00favida espec\u00edfica, converse com a gente pelo zap: +55 11 94052-7253. H\u00e1 prazo m\u00ednimo para a assinatura dos planos pagos? N\u00e3o. A Igreja Digital [&hellip;]<\/p>\n","protected":false},"author":1,"featured_media":0,"parent":0,"menu_order":0,"comment_status":"closed","ping_status":"closed","template":"","meta":{"footnotes":""},"class_list":["post-235","page","type-page","status-publish","hentry"],"_links":{"self":[{"href":"https:\/\/igreja.digital\/suporte\/wp-json\/wp\/v2\/pages\/235","targetHints":{"allow":["GET"]}}],"collection":[{"href":"https:\/\/igreja.digital\/suporte\/wp-json\/wp\/v2\/pages"}],"about":[{"href":"https:\/\/igreja.digital\/suporte\/wp-json\/wp\/v2\/types\/page"}],"author":[{"embeddable":true,"href":"https:\/\/igreja.digital\/suporte\/wp-json\/wp\/v2\/users\/1"}],"replies":[{"embeddable":true,"href":"https:\/\/igreja.digital\/suporte\/wp-json\/wp\/v2\/comments?post=235"}],"version-history":[{"count":43,"href":"https:\/\/igreja.digital\/suporte\/wp-json\/wp\/v2\/pages\/235\/revisions"}],"predecessor-version":[{"id":1724,"href":"https:\/\/igreja.digital\/suporte\/wp-json\/wp\/v2\/pages\/235\/revisions\/1724"}],"wp:attachment":[{"href":"https:\/\/igreja.digital\/suporte\/wp-json\/wp\/v2\/media?parent=235"}],"curies":[{"name":"wp","href":"https:\/\/api.w.org\/{rel}","templated":true}]}}